{"id":101,"date":"2019-05-17T13:33:45","date_gmt":"2019-05-17T13:33:45","guid":{"rendered":"https:\/\/www.sourcag.ch\/?page_id=101"},"modified":"2020-09-23T08:23:36","modified_gmt":"2020-09-23T08:23:36","slug":"autor","status":"publish","type":"page","link":"https:\/\/www.sourcag.ch\/?page_id=101","title":{"rendered":"AUTOREN"},"content":{"rendered":"\n<figure class=\"wp-block-image\"><img decoding=\"async\" src=\"https:\/\/www.sourcag.ch\/wp-content\/uploads\/2019\/05\/Titelgrafik_Curriculum-Vitae-6.jpg\" alt=\"\" class=\"wp-image-155\"\/><\/figure>\n\n\n\n<p>Ich stelle mich Ihnen hier mit vor mit einer kurzen Beschreibung \u00fcber meine T\u00e4tigkeit bei der ehemaligen Sourcag AG und Swisscom IT Services Sourcing AG!<\/p>\n\n\n\n<p><strong>2010 bis 2012<\/strong>  <br>Swisscom IT Services Sourcing AG, 4142 M\u00fcnchenstein  <br>(\u00c4nderung Besitzverh\u00e4ltnisse vormals Sourcag AG)  <br><strong>Project Assistant<\/strong>  <br><\/p>\n\n\n\n<p><strong>2006 bis 2010<\/strong>  <br>Sourcag AG, 4142 M\u00fcnchenstein   <br><strong>Fachverantwortlicher f\u00fcr den Bereich Help Desk<\/strong> <\/p>\n\n\n\n<p><strong>1999 bis 2005<\/strong>  <br>Sourcag AG, 4142 M\u00fcnchenstein   <br><strong>Leiter Help Desk<\/strong><\/p>\n\n\n\n<figure class=\"wp-block-image\"><img loading=\"lazy\" decoding=\"async\" width=\"1024\" height=\"256\" src=\"https:\/\/www.sourcag.ch\/wp-content\/uploads\/2019\/05\/Bild_D.Egger_-1-1024x256.jpg\" alt=\"\" class=\"wp-image-223\" srcset=\"https:\/\/www.sourcag.ch\/wp-content\/uploads\/2019\/05\/Bild_D.Egger_-1-1024x256.jpg 1024w, https:\/\/www.sourcag.ch\/wp-content\/uploads\/2019\/05\/Bild_D.Egger_-1-300x75.jpg 300w, https:\/\/www.sourcag.ch\/wp-content\/uploads\/2019\/05\/Bild_D.Egger_-1-768x192.jpg 768w\" sizes=\"(max-width: 706px) 89vw, (max-width: 767px) 82vw, 740px\" \/><\/figure>\n\n\n\n<p>Ich stelle mich Ihnen hier mit vor mit einer kurzen Beschreibung \u00fcber meine T\u00e4tigkeit bei der ehemaligen Sourcag AG und Swisscom (Schweiz) AG!<\/p>\n\n\n\n<p><strong>2013 bis Heute<\/strong>  <br>Swisscom (Schweiz) AG, 4000 Basel  <br>(\u00c4nderung Besitzverh\u00e4ltnisse vormals Sourcag AG)  <br><strong>Manager \/ Expert \/ Banking Consultant<\/strong> <br><\/p>\n\n\n\n<p><strong>2011 bis 2013<\/strong>  <br>Swisscom IT Services Sourcing AG, 4142 M\u00fcnchenstein  <br><strong>Sen. Project Manager<\/strong> <\/p>\n\n\n\n<p><strong>2002 bis 2011<\/strong>  <br>Sourcag AG, 4142 M\u00fcnchenstein   <br><strong>Projektleiter<\/strong><\/p>\n\n\n\n<p><strong>1998 bis 2002<\/strong><br>Sourcag AG, 4142 M\u00fcnchenstein <br><strong>Systems Engineer<\/strong><\/p>\n\n\n<p><!--EndFragment--><\/p>","protected":false},"excerpt":{"rendered":"<p>Ich stelle mich Ihnen hier mit vor mit einer kurzen Beschreibung \u00fcber meine T\u00e4tigkeit bei der ehemaligen Sourcag AG und Swisscom IT Services Sourcing AG! 2010 bis 2012 Swisscom IT Services Sourcing AG, 4142 M\u00fcnchenstein (\u00c4nderung Besitzverh\u00e4ltnisse vormals Sourcag AG) Project Assistant 2006 bis 2010 Sourcag AG, 4142 M\u00fcnchenstein Fachverantwortlicher f\u00fcr den Bereich Help Desk &hellip; <\/p>\n<p class=\"link-more\"><a href=\"https:\/\/www.sourcag.ch\/?page_id=101\" class=\"more-link\"><span class=\"screen-reader-text\">\u201eAUTOREN\u201c<\/span> weiterlesen<\/a><\/p>\n","protected":false},"author":1,"featured_media":162,"parent":0,"menu_order":0,"comment_status":"closed","ping_status":"closed","template":"","meta":{"footnotes":""},"_links":{"self":[{"href":"https:\/\/www.sourcag.ch\/index.php?rest_route=\/wp\/v2\/pages\/101"}],"collection":[{"href":"https:\/\/www.sourcag.ch\/index.php?rest_route=\/wp\/v2\/pages"}],"about":[{"href":"https:\/\/www.sourcag.ch\/index.php?rest_route=\/wp\/v2\/types\/page"}],"author":[{"embeddable":true,"href":"https:\/\/www.sourcag.ch\/index.php?rest_route=\/wp\/v2\/users\/1"}],"replies":[{"embeddable":true,"href":"https:\/\/www.sourcag.ch\/index.php?rest_route=%2Fwp%2Fv2%2Fcomments&post=101"}],"version-history":[{"count":19,"href":"https:\/\/www.sourcag.ch\/index.php?rest_route=\/wp\/v2\/pages\/101\/revisions"}],"predecessor-version":[{"id":284,"href":"https:\/\/www.sourcag.ch\/index.php?rest_route=\/wp\/v2\/pages\/101\/revisions\/284"}],"wp:featuredmedia":[{"embeddable":true,"href":"https:\/\/www.sourcag.ch\/index.php?rest_route=\/wp\/v2\/media\/162"}],"wp:attachment":[{"href":"https:\/\/www.sourcag.ch\/index.php?rest_route=%2Fwp%2Fv2%2Fmedia&parent=101"}],"curies":[{"name":"wp","href":"https:\/\/api.w.org\/{rel}","templated":true}]}}